w*u - 3. Give c(u).
2
Let u(p) = -p + 3. Let g(x) = x**3 + 9*x**2 + 7*x - 1. Let z be g(-8). Let n(j) = 2*j - 5. Let m = -7 + 11. Let k(b) = m*n(b) + z*u(b). Give k(5).
6
Suppose -24 = -4*w + 4*k, 7*w - 2*w + 3*k = -10. Let o(u) = 6*u**2 - 4*u + w - 2 + 2*u. Give o(-1).
7
Let k(j) = j**3 + 11*j**2 - 11*j - 6. Let v(s) be the third derivative of s**5/60 - s**4/24 - s**3/6 + s**2. Let i(q) = k(q) - 6*v(q). Give i(-6).
-6
Let r = -653/140 - -33/7. Let n(o) be the third derivative of r*o**5 - 2*o**2 + 1/120*o**6 - 1/6*o**4 + 0*o + 0 - 1/2*o**3. Calculate n(-4).
-3
Let r(f) be the second derivative of -f**4/12 + 2*f**3/3 - f**2/2 + 3*f. Let i be r(3). Let n(q) = 4*q + 2. Determine n(i).
10
Let t(j) = j**2 + 5*j + 4. Let s be t(-7). Let r be (-4)/s - 188/(-36). Let m(a) = a**3 - 5*a**2 + a. Determine m(r).
5
Let n(z) be the second derivative of 0*z**3 + 2*z**2 - 1/2*z**4 - 4*z - 1/20*z**5 + 0. What is n(-6)?
4
Let d(g) be the second derivative of 7/2*g**2 + 0 + 7/6*g**3 + 2*g. Let f(m) = 10*m + 11. Let v(k) = -7*d(k) + 5*f(k). Give v(-5).
1
Let u(a) = -a**2 - 7*a - 7. Suppose 5*k + 4 + 2 = h, -4*h = k - 45. Suppose -5*n - 14 = h. Give u(n).
3
Let f(t) = t**3 + 6*t**2 + 4*t + 6. Suppose -5*h + 20 = -h. Let b = h - 10. What is f(b)?
11
Let d be (4/5)/((-2)/10). Let r(b) = 7*b + 3. Let o = -1 + -2. Let a(x) = 4*x + 2. Let u(i) = o*r(i) + 5*a(i). Determine u(d).
5
Let v = 7 - 8. Let n(g) = -6*g**2 - 3*g. Let b(j) = -j. Let u(d) = -2*b(d) + n(d). Determine u(v).
-5
Suppose 0 = 3*h + 2*h. Suppose h = -3*g + 2 + 16. Let s(a) be the first derivative of a**4/4 - 2*a**3 + a**2 - 6*a - 8. Determine s(g).
6
Suppose 1 = 4*s + f, -5*s + 6*f - 3 = 3*f. Suppose s = 2*p + 2*p. Let z(o) be the first derivative of -o**2/2 - 5*o + 8. Give z(p).
-5
Let q(x) be the first derivative of -x**3/3 + x**2 + 2*x + 2. Let d(m) = -m**2 + 11*m - 20. Let i be d(8). Calculate q(i).
-6
Let v(u) = 8*u + 1. Let a(j) = j**2 + 4*j + 5. Let q(p) = p + 1. Let s be q(-3). Let f be a(s). Determine v(f).
9
Let s(i) be the second derivative of -i**6/120 + i**5/15 + 5*i**4/24 - i**3/6 - 3*i**2/2 - 2*i. Let p(m) be the first derivative of s(m). What is p(5)?
-1
Let k(p) be the third derivative of p**6/120 - p**5/15 + p**4/12 + p**3/6 + 3*p**2. Let n = -3 - 1. Let j = -2 - n. Calculate k(j).
-3
Let t(m) = -7*m**2 - 5*m + 4. Let i(n) = 8*n**2 + 5*n - 4. Let g(b) = -5*i(b) - 6*t(b). Determine g(-4).
8
Suppose 2*u - 6 = -0*u. Let m(r) = -4*r**2 + r + 4. Let f(o) = 21*o**2 - 4*o - 21. Let l(v) = -2*f(v) - 11*m(v). Calculate l(u).
7
Let v(r) be the second derivative of -r**4/12 - r**3 + 2*r**2 + 2*r. Calculate v(-6).
4
Suppose 0*t - 9 = 3*t. Let j = t + 4. Let l(x) = -3*x + 1. Give l(j).
-2
Let i(g) = g**2 - g - 4. Suppose 5*k + 5*x = 0, 0 = 17*k - 16*k + 2*x. Give i(k).
-4
Let t(h) be the first derivative of -h**2 + 2*h - 17. Give t(5).
-8
Let n(z) = z**3 - 6*z**2 - 15*z - 7. Let u be n(8). Let m(i) = 7*i + 1. What is m(u)?
8
Suppose 4*p = 2*q - 18, -5*p - 7 = q + 5. Let c = p + 4. Let l(i) = -11*i + 1. Give l(c).
-10
Let z(u) = u**3 + 5*u**2 + 4*u + 6. Suppose 3*v = -3, -5*v - 110 - 7 = 4*q. Let t be 4/6 + q/6. Determine z(t).
6
Let j = 6 - 3. Let w be j/3*(3 + -4). Let t(y) = 8*y**2 - y. What is t(w)?
9
Let q = 6 - 12. Let p(y) = 16*y + 7. Let l(o) = 43*o + 21. Let v(g) = 3*l(g) - 8*p(g). Give v(q).
1
Let g(i) = 3*i - 7. Suppose -3*a = -2*u - 7*a + 4, u - 4 = -a. Give g(u).
11
Let s(z) = z + 1. Let w be s(4). Let r(k) = k - 6. Let u be r(w). Let h(x) = 4*x**2 - x. Give h(u).
5
Let b(q) = -2*q**3 + 5*q**2 + 2*q + 5. Let m(z) = z**3 - 2*z**2 - z - 2. Let n(g) = -2*b(g) - 5*m(g). Let j = 5 - 3. Suppose j*v = -2*v - 8. What is n(v)?
6
Let b(k) = -k + 8. Let r be b(5). Suppose o + 3 = -u, -r = u + 2*o + 4. Let j(p) = -10*p**2 + 2*p - 1. What is j(u)?
-9
Let d = -35 + 34. Let y(a) = 9*a. Let t(h) = 28*h. Let c(g) = -2*t(g) + 7*y(g). What is c(d)?
-7
Suppose 5 = 2*l - 3. Let h(r) be the first derivative of -5 - 2/3*r**3 + 0*r + 3*r**2. Give h(l).
-8
Let v(t) = -t + 2. Let k(j) = 1. Let u(l) = -11*k(l) + 4*v(l). Give u(-5).
17
Let h(w) = w**3 - 4*w**2 + 2*w. Let p = 15 + -6. Let s = 12 - p. What is h(s)?
-3
Let p(t) be the first derivative of t**3/3 - 3*t**2/2 - 4*t + 9. Give p(5).
6
Let j = -27 + 26. Let a(c) = -4*c**2 - c. Give a(j).
-3
Let a(x) be the third derivative of -x**4/4 - x**3/6 + 6*x**2. Determine a(-1).
5
Suppose 6*h - 4*h - 12 = 0. Let n(d) = -d**2 + 6*d + 2. Calculate n(h).
2
Let m(b) = 3 + 8*b - 4 - 12*b + 3*b. Calculate m(5).
-6
Let r(z) = z + 3. Suppose -12 = -3*n, v + 33 = 2*v + 5*n. Suppose -5*p = -h - 18 - 14, v = p + 2*h. Suppose 3*x - 5 - p = 0, -3*q = -4*x + 25. Determine r(q).
0
Let x(j) = -4*j + 11. Let r(v) = 12*v - 31. Let h(o) = 3*r(o) + 8*x(o). Give h(5).
15
Let q = 25 + -23. Let t(s) be the first derivative of 1 - 6*s - 1/2*s**q. Determine t(0).
-6
Let x = 18 + -18. Let o(v) be the first derivative of 10*v - 1/2*v**2 - 2. Determine o(x).
10
Let p(x) = 4*x. Suppose n - 4*n + 3 = 0. What is p(n)?
4
Suppose -27 = -12*g - 3. Let f(q) = -q**3 + q**2 - 2. Give f(g).
-6
Let h(k) be the third derivative of -k**5/60 - k**4/4 - 2*k**3/3 + 7*k**2. Give h(-6).
-4
Let z(p) = p**3 - 13*p**2 - 2*p + 26. Let f be z(13). Let d(u) be the first derivative of f*u - 1 - 5/2*u**2. What is d(1)?
-5
Let j = 18 + -14. Let m be 10/4 + (-2)/4. Let k(t) = 5*t + 2*t - 5 - 3*t**2 + 2*t**m. What is k(j)?
7
Let k(y) = y**3 + 6*y**2 + 2*y - 7. Suppose 23 = 5*g + 3*n, 5*g - 16 = 8*n - 4*n. Suppose 3*d - 11 = 2*d + 4*a, -a + 16 = -g*d. Calculate k(d).
8
Let k(g) = -7*g**3 - 13*g**2 + g + 5. Let d(i) = 4*i**3 + 7*i**2 - i - 3. Let b(j) = 5*d(j) + 3*k(j). Let y be (6/8)/(3/(-12)). Calculate b(y).
-3
Let t(w) be the third derivative of -w**4/24 - w**3/3 - w**2. What is t(-4)?
2
Suppose 17*q = 21*q. Suppose 3*i = 4*b - 48 + 13, -i - b = q. Let d(r) be the second derivative of r**5/20 + r**4/3 - 4*r**3/3 - 7*r**2/2 - r. What is d(i)?
8
Let i(q) = 2*q + 5. Suppose -g = -4*j - 15, j - 4*g - 3 = 12. Give i(j).
-5
Suppose 4*j - 5*j = -2*s + 3, 2*j + 2 = 3*s. Let m(o) = o - 1 - j + 4 + 3. Calculate m(-5).
-4
Let z(v) = -v**3 + 6*v**2 - 6*v + 5. Suppose -c = -5 + 3. Let u(s) = -s + 2. Let m be u(c). Suppose 5*b - 10 - 15 = m. Give z(b).
0
Suppose 4*z + 5*t = 6 + 3, -3*z = 3*t - 6. Let f(p) be the third derivative of p**6/120 - p**5/20 + p**3/6 + 3*p**2. Calculate f(z).
-1
Let w(g) = 2*g + 3. Let t(u) = -u + 1. Let i(z) = 4*t(z) - w(z). Let c be 1/((5/(-2))/(-5)). Let p be c - 3 - -3 - 1. Determine i(p).
-5
Let l(b) = b - 8. Let k be l(3). Let t(i) = -i**3 - 7*i**2 - 4*i + 1. Calculate t(k).
-29
Let a(q) = q**3 - 4*q**2 + 5*q - 3. Let k be a(3). Let z be (6/9)/(2/k). Let r(d) = -8*d. Calculate r(z).
-8
Let g(j) = -10 + 7 + j**3 + 2*j - 6*j**2 + 10. Determine g(5).
-8
Let m(l) = -l**3 + 2*l**2 - l - 1. Let w = -32 + 34. Determine m(w).
-3
Let w(v) = -v**2 - 9*v - 10. Let s be w(-7). Let i = 5 + -3. Let a(y) = -4 + 8 + y - i*y**2 - s*y. Determine a(-3).
-5
Suppose -4*n - 2*r - 16 = -7*n, 3*n - 11 = r. Let j(i) = -2*i - i**2 + 0*i**n + 0*i + 7*i + 5. Calculate j(6).
-1
Let j(f) = f. Suppose -s = 4*n + 3*s, -2*s + 4 = 4*n. Let u be (-1)/((n + -3)/(-1)). Calculate j(u).
-1
Suppose 4*j - 2*j = 0. Suppose 5*n + j*d - 5*d - 5 = 0, 0 = 5*n + 4*d - 50. Let y(w) = w**2 - 8*w + 7. Give y(n).
-5
Let g(p) = -1 - p + 84*p**2 - 39*p**2 - 44*p**2. Let o(n) = n - 2. Let a be o(5). Determine g(a).
5
Suppose 3*m = 12, -m - m = 3*r - 14. Suppose -2*w = -r*i - 14, w + 5*i - 3*i = -5. Let v = w + -3. Let a(n) = n**2 + n. Give a(v).
0
Let i(z) = -3*z**3 - 2*z**2 - 3*z - 2. Let l be i(-1). Let j(h) = 7 - 19 - l*h + 10. Give j(5).
-12
Let w(z) = -6*z**3 + 10*z**2 - 2*z + 7. Let y(d) be the first derivative of -d**4/4 + d**3/3 - 6. Let l(b) = -w(b) + 5*y(b). What is l(5)?
3
Let h = 59 - 66. Let r(o) = -o**3 - 6*o**2 + 8*o - 7. What is r(h)?
-14
Let k(d) be the first derivative of 4*d**2 - d - 1. Determine k(1).
7
Suppose 0 = -0*k - 2*k. Suppose -b = -k*b. Let x(q) be the second derivative of -q**4/12 + q**3/6 - 7*q**2/2 + 3*q. What is x(b)?
-7
Let a(n) = -3*n. Suppose 0 = 4*u + s - 1, 3*u + 2*s = s. Let l be -5*u/((-20)/8). Determine a(l).
-6
Let f = -5 - -7. Let p be f/(-5) - (-32)/5. Let j(y) = -y**2 + 5*y + 2. Give j(p).
-4
Let r(d) = -6*d